725*w - 88522. Give o(-192).
-10
Let j(o) = 2*o**2 + 122*o + 112. Determine j(-67).
916
Let u(z) = 422*z**2 + 2363*z - 1010. What is u(-6)?
4
Let q(h) = -823*h**2 - 32*h - 8. Determine q(0).
-8
Let g(k) = -5*k**2 + 610*k - 18376. Give g(58).
184
Let m(x) = -2733*x - 13695. Calculate m(-5).
-30
Let g(z) = -1589*z**3 + 154*z**2 - 158*z + 5. Give g(1).
-1588
Let u(g) = 2*g**2 - 91*g + 525. Give u(7).
-14
Let p(j) = 30012*j + 840339. What is p(-28)?
3
Let u(f) = 3*f**2 + 427*f - 10660. Calculate u(-164).
0
Let c(q) = 2167*q - 6755. Give c(2).
-2421
Let r(o) = -78*o - 27214. Determine r(-349).
8
Let m(l) = 20092*l + 11934667. Give m(-594).
19
Let y(u) = -4*u**3 - 1568*u**2 + 6329*u - 2770. What is y(-396)?
2
Let a(y) = 235*y - 2417. Determine a(16).
1343
Let t(k) = -248*k - 23790. Calculate t(-96).
18
Let u(d) = -5*d**2 - 4534*d + 22798. Determine u(5).
3
Let c(y) = -115467*y - 346405. Give c(-3).
-4
Let k(u) = -14*u**2 - 2123*u + 10686. What is k(5)?
-279
Let t(c) = 3090*c - 67988. What is t(22)?
-8
Let b(o) = -86*o**3 + 5*o**2 + 14*o + 28. What is b(-3)?
2353
Let c(i) = -132*i**3 - 1979*i**2 + 33*i + 112. What is c(-15)?
-158
Let p(u) = -47*u**2 - 494*u + 205. Determine p(-11).
-48
Let y(m) = -29*m**2 - 93*m - 65. Give y(6).
-1667
Let v(a) = 2*a**3 + 69*a**2 - 353*a - 3149. Calculate v(-38).
157
Let q(f) = 9329*f + 569116. Calculate q(-61).
47
Let t(m) = m**3 - 37*m**2 + 91*m - 123. Determine t(10).
-1913
Let c(i) = -i**3 - 319*i**2 - 17431*i - 217. Calculate c(-249).
32
Let q(u) = -u**2 - 1243*u + 121356. Calculate q(91).
-38
Let a(f) = -3839*f - 4519. What is a(-1)?
-680
Let l(r) = -10*r**2 - 2461*r + 17514. Calculate l(-253).
57
Let a(q) = 81014*q - 1053202. Determine a(13).
-20
Let p(h) = -339*h - 1573. What is p(-3)?
-556
Let a(n) = -3*n**2 - 18417*n - 18416. Calculate a(-1).
-2
Let c(p) = 55*p**2 + 270*p - 734. Calculate c(2).
26
Let l(b) = -7615*b**2 - 822421*b - 79. Give l(-108).
29
Let g(m) = -m**2 + 4976*m + 155221. Calculate g(-31).
4
Let n(m) = -419*m - 522973. What is n(-1248)?
-61
Let f(x) = -x**3 + 386*x**2 + 1946*x + 80. Determine f(-5).
125
Let h(o) = -6*o**3 - 29*o**2 - 46*o - 317. Calculate h(-6).
211
Let g(l) = -l**2 - 725*l + 14713. Determine g(20).
-187
Let h(y) = y**3 + 59*y**2 - 1168*y - 60875. Give h(-62).
9
Let j(k) = -27*k**2 + 4305*k + 22197. Give j(-5).
-3
Let g(d) = -10*d**3 - 36*d**2 - 4*d + 208. What is g(-6)?
1096
Let v(k) = 11705*k + 93769. Calculate v(-8).
129
Let v(f) = 72*f**2 + 2493*f - 6336. Determine v(-37).
-9
Let v(h) = 4*h**2 - 186*h + 398. Give v(43).
-204
Let a(s) = -23949*s - 143914. What is a(-6)?
-220
Let r(i) = 36*i - 161. What is r(-6)?
-377
Let g(n) = 56*n**3 + 13161*n**2 + 728*n + 115861. What is g(-235)?
6
Let l(q) = -51461*q + 154714. Determine l(3).
331
Let u(l) = 6*l**3 + 129*l**2 - 154*l - 1929. What is u(-22)?
7
Let p(s) = 12075*s - 1014096. Determine p(84).
204
Let k(d) = -1322*d - 395. Calculate k(-1).
927
Let o(r) = 382*r + 4006. Give o(-13).
-960
Let n(m) = 6*m**3 + 172*m**2 - 848*m + 328. What is n(-33)?
-2
Let f(h) = 39266*h + 1217247. Determine f(-31).
1
Let p(c) = 3*c**2 + 2987*c + 168358. Give p(-60).
-62
Let f(k) = -186365*k - 2236378. What is f(-12)?
2
Let g(w) = w**3 - 126*w**2 - 2305*w + 276566. Give g(127).
-40
Let b(s) = s**2 + 569*s - 106222. Give b(149).
760
Let n(g) = -31*g**3 - 591*g**2 - 235*g - 3737. Give n(-19).
6
Let v(b) = b**2 + 330*b - 6839. Determine v(20).
161
Let v(g) = -255*g**2 - 16867*g - 2458. Calculate v(-66).
-16
Let j(x) = -2*x**2 + 532*x + 771078. Give j(-502).
6
Let l(d) = 64*d**2 - 80*d - 5991. Give l(-9).
-87
Let t(x) = 9*x**2 - 369*x + 3793. Determine t(21).
13
Let r(d) = 12*d**3 - 870*d**2 - 4071*d - 6697. Give r(77).
2
Let x(q) = 3*q**3 - 214*q**2 + 2726*q - 2863. Give x(15).
2
Let b(w) = 290*w + 76276. Give b(-263).
6
Let l(h) = -9*h**3 - 11*h**2 - 52*h + 245. Calculate l(4).
-715
Let v(q) = -q**3 - 23*q**2 - 1885*q - 43362. Give v(-23).
-7
Let s(d) = 68*d - 3800. Determine s(53).
-196
Let a(y) = 19*y**2 - 548*y + 6921. What is a(16)?
3017
Let q(j) = 36474*j - 729540. Determine q(20).
-60
Let i(s) = 2030*s + 2624787. Give i(-1293).
-3
Let q(y) = -9475*y + 9349. What is q(1)?
-126
Let a(t) = t**2 + 636*t + 72891. Give a(-150).
-9
Let v(p) = 368*p + 9211. Calculate v(-25).
11
Let v(o) = -697*o**3 - 2066*o**2 + 76*o - 1. Give v(-3).
-4
Let s(r) = -r**3 + 112*r**2 + 4766*r - 616. Calculate s(-33).
11
Let r(d) = d**3 - 332*d**2 - 18669*d - 28. What is r(-49)?
-28
Let q(m) = m**3 + 9*m**2 + 30*m + 112. Give q(-4).
72
Let x(w) = 2*w**2 + 1203*w - 76539. What is x(58)?
-37
Let g(y) = 40157*y + 321251. Determine g(-8).
-5
Let f(v) = 6*v**2 - 91*v + 188. What is f(11)?
-87
Let d(v) = 9*v**2 - 2004*v - 166170. Give d(287).
3
Let k(l) = -l**3 + 40*l**2 - 713*l + 24183. Calculate k(38).
-23
Let w(y) = y**3 - 69*y**2 - 214*y - 457. Determine w(72).
-313
Let i(k) = 3*k**3 + 43*k**2 + 279*k + 1022. Calculate i(-8).
6
Let j(r) = 5514*r - 5895. Calculate j(1).
-381
Let o(b) = -b**3 + 69*b**2 - 874*b - 1453. Give o(19).
-9
Let g(z) = 5*z**3 - 26*z**2 + 220*z + 78. What is g(10)?
4678
Let k(z) = 31745*z - 126956. Determine k(4).
24
Let i(r) = 2*r**3 + 87*r**2 + 368*r - 90. Give i(-5).
-5
Let t(j) = 6*j**3 - 20*j**2 - 4*j - 28. Calculate t(-3).
-358
Let w(n) = 1313*n - 823251. Give w(627).
0
Let p(u) = 782*u - 40640. Give p(52).
24
Let o(y) = -231*y + 13831. Determine o(59).
202
Let u(o) = -1585*o - 1121. Determine u(-1).
464
Let l(w) = -19*w**2 - 7*w - 114. Calculate l(-7).
-996
Let m(b) = 1358*b + 20359. Determine m(-15).
-11
Let w(d) = 63*d**2 - 34649*d - 540. Calculate w(550).
10
Let q(n) = 233*n - 746. Determine q(2).
-280
Let x(i) = 3*i**3 - 582*i**2 - 626*i + 8131. Calculate x(195).
136
Let d(z) = -5*z**2 - 1806*z - 14397. Calculate d(-8).
-269
Let k(s) = 3*s**3 - 74*s**2 + 479*s - 169. Give k(10).
221
Let w(v) = -v**2 - 341*v - 7905. What is w(-25)?
-5
Let k(i) = i**3 - 63*i**2 - 117*i - 855. Determine k(65).
-10
Let s(u) = 41518*u - 664300. What is s(16)?
-12
Let i(n) = 119*n + 2143. Determine i(-11).
834
Let o(w) = -9*w**2 - 565*w - 4582. Give o(-8).
-638
Let w(l) = l**3 + 24*l**2 - 850*l - 17. Calculate w(19).
-644
Let c(d) = 146081*d + 1899005. Calculate c(-13).
-48
Let b(t) = 8*t**2 + 1640*t + 25564. Determine b(-188).
-4
Let g(u) = u**3 - 3312*u**2 + 23133*u + 7. Give g(7).
-7
Let w(a) = -114645*a**2 - 1605022*a + 76. Calculate w(-14).
-36
Let u(z) = 70*z - 18. Give u(1).
52
Let x(d) = d**3 - 13*d**2 - 550*d + 8274. What is x(19)?
-10
Let u(n) = -n**2 - 13*n + 90. Determine u(10).
-140
Let s(p) = -30*p**2 + 1296*p + 68. Give s(43).
326
Let s(u) = u**3 + 1367*u**2 + 412655*u + 2241. Calculate s(-450).
-9
Let n(m) = 134*m**3 + 17742*m**2 - 10639*m + 135. What is n(-133)?
2
Let l(w) = -726*w - 17069. What is l(-22)?
-1097
Let s(t) = 73*t**2 + 1336*t - 1339. Determine s(1).
70
Let p(q) = -783*q**2 - 32896*q - 432. Calculate p(-42).
-12
Let v(z) = -z**3 + 256*z**2 + 60*z - 15366. Calculate v(256).
-6
Let o(f) = -19*f**3 + 14*f + 3. What is o(-5)?
2308
Let o(n) = n**2 - 710*n + 553. What is o(0)?
553
Let h(m) = -208*m**3 - 2*m**2 - 1543*m - 3086. Determine h(-2).
1656
Let p(r) = 4*r**3 + 93*r**2 - 21*r - 362. Determine p(-24).
-1586
Let w(t) = t**3 - 106*t**2 + 219*t - 161. Calculate w(104).
983
Let q(r) = r**3 + 4231*r**2 - 38164*r + 43. Give q(9).
7
Let i(w) = 476*w + 11438. Determine i(-24).
14
Let q(l) = 2*l**2 + 202*l + 3122. What is q(-17)?
266
Let k(v) = -19*v**3 + 134*v**2 - 21*v + 43. Determine k(8).
-1277
Let w(v) = 8*v**3 - 292*v**2 + 152*v - 248. Calculate w(36).
40
Let m(w) = 2*w**3 - 68*w**2 - 11592*w - 143. Determine m(-61).
-21
Let x(q) = -375*q**2 - 3468*q - 811. Calculate x(-9).
26
Let b(w) = -2*w**3 + 156*w**2 + 2787*w + 400. What is b(93)?
121
Let n(m) = 4*m**3 + 9*m**2 - 167*m - 650. Calculate n(-4).
-94
Let i(r) = 439*r**2 + 10532*r - 16. What is i(-24)?
80
Let x(f) = f**3 - 100*f**2 + 469*f + 217. Determine x(95).
-353
Let z(s) = 7*s**3 - 217*s**2 + 5*s - 77. What is z(31)?
78
Let k(t) = -30336*t - 90995. Calculate k(-3).
13
Let o(f) = -5*f**3 - 10*f**2 - 25*f + 17. Determine o(-4).
277
Let k(r) = -6*r**3 + 264*r**2 - 1553*r - 6. Calculate k(7).
1
Let c(z) = -6*z**3 + 15*z**2 + 706*z - 3550. Calculate c(5).
-395
Let i(l) = 14*l**2 